). What is p(z)?
-3
Let z(m) = 2*m**2 + m**2 + 1 + 0*m**2 - m - 9*m**2. What is z(1)?
-6
Suppose 0 = 5*t - 4*p - 67, 5*t - 2*p = -7*p + 85. Suppose 5*z - 2*z + 20 = 5*f, 3*z = t. Let v(c) = -c + 2. Determine v(f).
-5
Let m(w) = -w - 1. Let g(d) = -5*d + 4. Let u(t) = g(t) - m(t). Determine u(4).
-11
Let q(f) be the first derivative of -1 - 5/2*f**2 - 3*f - 1/3*f**3. Let g(p) = p**3 - 3. Let j be g(0). What is q(j)?
3
Let y(v) = 3 + 8*v**2 + 8*v**2 + 6*v + v**2 - 18*v**2. Determine y(6).
3
Let r(c) be the second derivative of c**4/6 - c**3/6 + c**2/2 - 5*c. Calculate r(2).
7
Let x be (-6 + -2 - -7)*(-3 + -1). Let b(n) = n**2 - 6*n + 2. Calculate b(x).
-6
Let o(m) = -2*m**2 + 18*m - 11. Let c be o(8). Let h(g) be the first derivative of g**2 - 7*g - 1. Give h(c).
3
Let q(w) = -7*w + 1. Let o(m) = m - 1. Let h be o(4). Suppose 2*v - h*v + 1 = 0. Calculate q(v).
-6
Let i(x) = 26*x + 30. Let p(t) = -9*t - 10. Let b(g) = -6*i(g) - 17*p(g). Let y(m) = 2*m + 5. Let s(q) = 3*b(q) + 5*y(q). Give s(0).
-5
Let j(g) = 7*g**3 - g**2 + g - 1. Suppose -2*q = -0*q - 44. Let u be q/18 - (-8)/(-36). What is j(u)?
6
Let f(b) be the third derivative of b**7/2520 + b**6/720 - b**5/120 - b**4/12 - 4*b**2. Let i(n) be the second derivative of f(n). What is i(-3)?
5
Let o(v) be the third derivative of v**5/60 + v**4/24 + v**3/6 - v**2. Determine o(-2).
3
Let q(s) = -s**3 + s**2 + s + 5. Let a(t) = 2*t - 2. Let r be a(0). Let o = 2 + r. Give q(o).
5
Let o be (-3 + 2)*-3 + -1. Suppose 1 - 11 = -o*h + 4*g, -10 = -2*h + g. Let m(s) = s - 4. Give m(h).
1
Let i(m) = -m**2 - 6*m + 1. Let b be i(-6). Suppose 3 = -4*d - b. Let w(z) = 6*z + 1. What is w(d)?
-5
Let k(i) = -i - 7. Let j be k(-6). Let x(c) = -2*c**3 - c**2 + 1. Let a be x(-1). Let d(l) = 10*l**2 - a - 2*l**2 + 1. What is d(j)?
7
Suppose -70*y + 14 = -63*y. Let f(a) be the second derivative of -3*a**5/20 + a**4/4 - a**2/2 - a. Give f(y).
-13
Let s be 5/3*-3 - 5. Let z(m) = m**2 + 9*m - 13. What is z(s)?
-3
Let v(q) = -4*q**2 + 9*q. Let m(c) = -11*c**2 + 27*c - 1. Let j(r) = 3*m(r) - 8*v(r). Calculate j(8).
5
Let h(u) = 1 - u**3 - 8*u + 5*u - 2*u**2 + 4*u. What is h(2)?
-13
Let o(s) = 5 - s - 4*s - s**2 + 2. Suppose 4*f = 2*f + 12. Suppose -k + f = 12. Give o(k).
1
Let a(o) = 4*o - o + 2*o**3 - o**3 - 4*o - 1. Let i be a(2). Let g(f) = -3*f + 2. Let u(d) = 4*d - 2. Let s(l) = -3*g(l) - 2*u(l). What is s(i)?
3
Let g be (-3)/((-24)/10)*4. Let o(q) = 2*q**2 - q - 1. Let h be o(-1). Let l(s) = 5*s - 4*s - 7 + 3*s - h*s. Give l(g).
3
Let l(j) = -5*j - 7. Let k(p) = 11*p + 15. Let y(w) = -4*k(w) - 9*l(w). Give y(-5).
-2
Let t(m) = m**3 + 6*m**2 - 16*m. Let y be t(-8). Let x(g) be the third derivative of y*g + 0*g**3 - 3*g**2 + 0 - 1/24*g**4 + 0*g**5 - 1/40*g**6. Calculate x(1).
-4
Suppose -t = -4*t - 6. Let u(g) be the second derivative of -g**5/20 - g**4/6 - g**3/6 + g**2/2 - g. What is u(t)?
3
Let h = 96 + -93. Let s(q) = -q + 3. What is s(h)?
0
Let b = -2 + 3. Let o be b + 2/((-4)/2). Let n be (-2 + (-1 - o))*-1. Let g(r) = -r**3 + 4*r**2 - 3*r - 2. Determine g(n).
-2
Suppose x = -0 + 8. Let z(j) = 4*j**2 - x*j**3 + 5*j + 9*j**3 - 3 + 3 + 2. Give z(-3).
-4
Suppose 10*w = 5*w + 20. Let b(i) = 0*i**2 - 1 - w*i**2 + 3*i + 6 - 5*i + i**3. Give b(4).
-3
Let g(r) be the second derivative of -r**5/20 + r**4/4 + 2*r**2 - 18*r - 1. Give g(4).
-12
Let z(w) = w**2 + 10*w + 9. Let c be z(-9). Let a(b) be the second derivative of b**3/6 - 8*b**2 - 8*b. What is a(c)?
-16
Let r = 1 - -2. Let k(d) = r*d**2 + 3 + d**3 - 2*d**3 + 0*d**3 + 3*d. What is k(4)?
-1
Let s(p) = -2*p**3 - 3*p + 3*p**3 - 6 + 6*p - 5*p**2. Let r(x) = x**3 + 19*x**2 + 19*x + 23. Let h be r(-18). Determine s(h).
9
Let p(b) be the first derivative of -b**4/12 - b**3/6 + b**2 + 2*b - 1. Let l(j) be the first derivative of p(j). What is l(2)?
-4
Let v(t) be the first derivative of 4*t**3/3 - t**2 + 2*t + 23. Let w(f) = 2*f**2 - 4*f + 2. Let a be w(2). Calculate v(a).
14
Let g(d) = -2*d**2 - 2*d. Let b = -11 - -17. Suppose -5*u - 4*s + 6 = 0, -4*u + 2*s + 4 = b*s. Suppose -4*r - 16 - 8 = u*t, -5*t - 2*r - 20 = 0. Determine g(t).
-4
Let x(y) = -y**3 - 3*y**2 + 7*y + 7. Let i = -76 - -71. Determine x(i).
22
Let k(h) = -h + 1. Let l be (-28)/(-16) - (-1)/4. Determine k(l).
-1
Let l be 2/4 - (-152)/16. Suppose -i = 4*i - l. Let m(t) = t**2 - t**3 + i - t + 2*t + 2*t. Give m(3).
-7
Let h(c) = -c**2 + 5*c + 9*c - 32*c + 11*c. Let i = -11 - -5. Calculate h(i).
6
Suppose 2*m + 3 = 7. Let l = m - 2. Let t(y) = -y**3 - 5. What is t(l)?
-5
Suppose -d = -3*x - 5, 4*d - 3*x - 4 = 7. Let b(m) = -23*m + 3*m**2 + m**2 + 24*m + m**d - 1. Determine b(1).
5
Let z(r) = r - 3. Let w(x) = -x + 2. Let j(y) = -7*w(y) - 4*z(y). Suppose b + 5*b = 12. Give j(b).
4
Let x(k) = k**3 - 6*k**2 - 7*k + 5. Let y(s) = -7*s**3 - s**2 - 2*s - 1. Let t be y(-1). Let n be x(t). Let o(z) = 3*z**3 - 6*z**3 - n*z**3 - 1. What is o(1)?
-9
Let y(c) = -4*c**2 - c + 1. Suppose 3*s = 9 - 3. Calculate y(s).
-17
Suppose g - 18 = -11. Let y(c) = c - 4. Give y(g).
3
Let s(z) = z + 4. Let v be 165/9 - 2/(-3). Let h(c) = 3*c**2 + 2*c - 1. Let j be h(1). Suppose -5*p - v + j = 0. Give s(p).
1
Let c(y) = -2 + 2*y**2 + 0 - y - 3 - 4*y**3. Let i(m) = 5*m**3 - 3*m**2 + m + 6. Let b(p) = 4*c(p) + 3*i(p). What is b(-2)?
4
Let a be -8*((-5)/(-2) + -3). Let h(y) = -y**2 + 4*y - 5. Give h(a).
-5
Let r(q) be the third derivative of -q**6/120 - q**5/20 + q**4/6 - q**3/3 + q**2 + 31*q. Determine r(-4).
-2
Let y(h) = 20*h - 6. Let z(m) = -7*m + 2. Let t(d) = 6*y(d) + 17*z(d). Suppose 14*i = 13*i - 9. Let q be 34/(-153) - 47/i. Give t(q).
3
Let z = -2 - -4. Let u(r) = -4*r + z*r - 10 - 5*r. Let j(a) = 8*a + 11. Let y(w) = 6*j(w) + 7*u(w). Determine y(-4).
0
Let h = -4 + 7. Let g(x) = x**3 - x**h - x**3 + 1 + x. Let b = -3 + 5. Determine g(b).
-5
Let w(z) = -z**3 - z + 1. Let t(r) = -5*r**3 - 4*r**2 - 11*r + 9. Let m(c) = -t(c) + 6*w(c). Give m(5).
-3
Let o(d) = 0*d + 7*d + 3 + 2*d - d**2 - 11. What is o(6)?
10
Let h(i) be the first derivative of 2 - 1/2*i**2 - 6*i. Suppose -20 = v + 5*w, 2*v - 2*w = w + 12. Calculate h(v).
-6
Let o(j) = j + 5. Suppose -4*w = -3*w + 4*f - 16, -12 = -w - 2*f. Suppose q + w = -q. Calculate o(q).
1
Let r(g) = g**2 + 4*g + 3. Let d be r(-4). Suppose d*p = -2*p. Let a(y) = -4*y - y**3 - 6 + 4*y + y + 8. Give a(p).
2
Let u(g) = -5*g + 1. Let s be 3/(-5) - (-4)/(-10). Give u(s).
6
Let s(p) = -2*p - 3. Let x be ((-6)/4 - -1)*-10. Let i(b) = -x + 0*b**3 - 8*b + 3*b**3 - 4*b**3 + 0 + 10*b**2. Let r be i(9). What is s(r)?
-11
Let s(g) = 8*g + 3. Let x(j) = 4*j + 1. Let b(k) = 3*s(k) - 7*x(k). Let t = -1 + -1. What is b(t)?
10
Let x(h) = -2*h + 1. Suppose 2*u = -3*u + 20. Give x(u).
-7
Let t(g) = g**3 + 4*g**2 - 5*g + 4. Let m be 7 + (-9)/(1 - -2). Suppose m = k - 2. Suppose 0 = -k*z + z - 25. What is t(z)?
4
Let r(f) = f**2 - 2*f**2 - f**2 - 5*f**2. Determine r(1).
-7
Let b(s) = -s**2 + 2*s. Let n(k) = 2*k**2 - 5*k. Let q(o) = -5*b(o) - 3*n(o). Determine q(6).
-6
Suppose -n = -2*n + 5. Suppose n*g - x = 9, 5*g + 2 = 4*x + 8. Let j(o) = 2*o + g - 8 - o. What is j(0)?
-6
Let o be 31/11 - (-2)/11. Suppose -3*i - o*p - 24 = 0, -3*i + 8 = -5*p - 0*p. Let b(q) = q**3 + 4*q**2 + q + 4. What is b(i)?
0
Let q(o) = -10*o**3 + o**2 + o + 1. Let w be q(-1). Suppose 3*j - 15 = b - 4*b, w = -j + 3*b. Let c(x) = 5*x**3 - x**2. What is c(j)?
4
Let j(z) be the first derivative of -2/3*z**3 - 6 - 5/2*z**2 - 3*z. Determine j(-3).
-6
Suppose 4*b = 4, 3*h - 4*b = -b. Let v(k) be the second derivative of 1/6*k**4 - 3/20*k**5 - 1/2*k**2 + 3*k + 0*k**3 + 0. What is v(h)?
-2
Suppose -7*l = 13 + 15. Let t(n) = 2*n + 2. What is t(l)?
-6
Suppose o - 30 = -32. Let i(f) be the first derivative of -f**5/30 + f**4/24 + f**2 - 1. Let p(c) be the second derivative of i(c). What is p(o)?
-10
Let g be (-4)/(-2) - (-2 - -2). Let n(t) = 5*t**2 - 2*t - 9. Let u(l) = 3*l**2 - l - 5. Let q(j) = 4*n(j) - 7*u(j). Determine q(g).
-7
Let l(c) = -4*c**2 + 0*c**2 - 1 - 2*c**3 + c**2 - 3*c. Suppose 2*v + 14 = -3*y - 2*v, 4*y = -2*v - 12. What is l(y)?
9
Let o(k) be the second derivative of -k**3/3 + 2*k**2 + 3*k. Determine o(6).
-8
Let k be -4 + (-1)/(-1) + 29. Let x(o) = -26 + k + o. Let a be (1/4)/((-2)/(-8)). Determine x(a).
1
Let t(o) be the third deri